-6
Let a(u) = -u**3 + 18*u**2 + 19*u + 7. Let n be a(19). Let m(c) = -c**3 + 7*c**2 + c - 10. Calculate m(n).
-3
Let q(s) = 4*s**2 + 4*s - 5. Let y(r) = -3*r**2 - 5*r + 6. Suppose -d - d = 10. Let a(n) = d*q(n) - 4*y(n). What is a(-1)?
-7
Let t(y) be the third derivative of -y**8/20160 + y**7/1260 + y**6/720 + y**5/60 + 6*y**2. Let n(d) be the third derivative of t(d). Determine n(6).
-11
Let d(u) be the first derivative of u**4/4 - 5*u**3/3 + u**2/2 - u - 6. Calculate d(5).
4
Suppose 5*j - 2*d - 1 = 13, 6 = -3*d. Let q(a) = -7*a + a**3 + 0*a**3 - 3*a**j + 0*a + 5 + 1. What is q(4)?
-6
Suppose -8*y = -10*y. Suppose 0 = -2*m - 3*m. Let o = y - m. Let r(i) = -i - 1. Calculate r(o).
-1
Let z be (-7 - -5)/((-2)/5). Let r be 14*(z/(-7) - -1). Let g(s) = -s**3 + 5*s**2 - 3*s + 6. Calculate g(r).
10
Let g(y) = -6*y**2 + y. Suppose -12*i - 5 - 7 = 0. What is g(i)?
-7
Let l(a) = a**3 + 1. Suppose -5 = -j - 2*m, 13 = 4*m + 1. Give l(j).
0
Suppose -2*k + 14 - 16 = 0. Let z(o) = -5*o**3 - 2*o**2 - 2*o - 1. Determine z(k).
4
Let n(a) = -6*a. Let u(m) = -m**2 + 2*m - 1. Let y be u(3). Let t be (-2 + (-18)/y)*2. Suppose -4*p - 24 = -4*v, -5*v = 3*p + t + 5. Calculate n(v).
-6
Let p(a) = -a**2 - 3*a - 7. Let n(d) = d + 1. Let x(g) = 4*n(g) + p(g). Let t be 13/5 - (-9)/(-15). Let i = t - 2. Determine x(i).
-3
Let k(h) = -6*h**2 - 2*h - 1. Let y(o) = -o**3 - 9*o**2 - 9*o - 9. Let s be y(-8). Determine k(s).
-5
Let t(w) = -5*w**2 + w**2 - 4 - 5*w + 5*w**2. Determine t(-3).
20
Let t(z) be the first derivative of z**4/4 + 10*z**3/3 + 4*z**2 - 12*z - 53. Calculate t(-9).
-3
Let n(m) = -5*m**2 + 4. Let a(v) = -11*v**2 + 8. Let t(u) = -4*a(u) + 9*n(u). Let s be 2*(9/4)/((-15)/(-10)). Determine t(s).
-5
Let r(f) be the third derivative of -9*f**5/20 + f**3/6 - 39*f**2. What is r(-1)?
-26
Let m(r) = -r**2 - 1 + 2*r**2 + 3*r**3 - r - 4*r**3. Let h be (3/(-15)*0)/1. Determine m(h).
-1
Suppose -11 = -i - 15. Let m(p) = 2*p**2 + 4*p - 3. Give m(i).
13
Let x(k) be the first derivative of -k**4/8 + k**3/2 + k**2/2 - 3. Let n(r) be the second derivative of x(r). What is n(3)?
-6
Let r be 1 - (-2 - -3) - -6. Let a = 0 - -6. Let y(l) = -r*l + a*l + 2*l - l**3. What is y(-2)?
4
Let u(v) be the first derivative of -2*v**2 - 2*v + 9. Let l be u(1). Let k(h) = -h**2 - 4*h + 1. What is k(l)?
-11
Let i(m) = m + 3. Suppose 5*c - l = 50, 2*c + 10 = 3*c - l. Let g = 6 - c. Give i(g).
-1
Let z(o) = -o**2 + 5*o + 3. Let s be z(5). Let v(x) = x**3 - 2*x**2 - 3*x + 4. What is v(s)?
4
Let l(i) be the second derivative of i**6/80 + i**5/120 - i**4/3 - 2*i. Let y(u) be the third derivative of l(u). Let z = -1 + 2. Determine y(z).
10
Let r(s) = s - 5 - s**3 - 4*s**2 - 7 + 8 + 1. What is r(-4)?
-7
Let m be (-3)/(-4) + 1/4. Let p(y) = 2*y**3 - 2*y**2 + 2*y - 1. Let h be p(m). Let s(d) = 3*d**3 - h - 4*d**3 + 2*d**3 - d + 5*d**2. What is s(-5)?
4
Let o(n) be the third derivative of -n**6/120 - n**5/30 - n**4/24 - n**3/6 + 6*n**2. Calculate o(-2).
1
Let f(c) be the first derivative of -c**2/2 + 3*c + 2. Suppose 4*d + 10 = 30. Calculate f(d).
-2
Let s(n) = 7 + 0*n - n - 10 - 9. Let p(l) = l + 13. Let a(j) = -4*p(j) - 5*s(j). Give a(-5).
3
Suppose -n + 0 = -4. Suppose n*h - c = 3*c - 16, 5*c = 4*h + 16. Let y(a) = -a**2 - 2*a - 3. Give y(h).
-11
Let h(a) = 4*a + 3 - 3*a - 3. Determine h(7).
7
Let j(t) = t**3 - 7*t**2 - t. Let z be j(7). Let d = z - -2. Let r(g) = -g - 4. Give r(d).
1
Let m(p) = -7*p - 2 + 3*p + 0. Give m(2).
-10
Let f(h) = -h + 7. Let p(k) be the third derivative of k**4/24 - 4*k**3/3 - k**2. Let z(w) = 4*f(w) + 3*p(w). What is z(3)?
1
Let t(g) be the second derivative of -g**4/12 - g**3 + 3*g**2/2 + 2*g. Let u(l) = -2*l. Let k be u(3). Determine t(k).
3
Let j(o) = -7*o + 2. Let w be (-102)/(-27) - 4/(-18). Let s(t) = 4 - w - 5*t + 4*t. Let u(p) = -j(p) + 6*s(p). What is u(-4)?
-6
Suppose u + 6 = -4*d, -4*u - 3*d - 16 = -5. Let p(k) = -2*k**2 + 0*k**3 + 7 - 2*k**3 + 2*k + 1 - 6. Give p(u).
6
Let j(w) = w**2 - 7*w + 3. Let z be (8/6)/(2/3). Suppose -2*h - z*h = -20. Calculate j(h).
-7
Suppose 0 = -3*k + 10 - 16. Let t(v) = -v**2 - 1. Give t(k).
-5
Let t be 32/(-14) - 4/(-14). Let r(u) be the second derivative of -u**2 + 0 + 1/20*u**5 + 0*u**4 - 1/2*u**3 - u. What is r(t)?
-4
Let w = 9 - 5. Suppose 5*p = -2*d - 12, 3 = -5*p - w*d - 1. Let k(y) be the third derivative of y**6/120 + y**5/20 - 5*y**4/24 + y**3/3 + y**2. Give k(p).
6
Let g = -5 + 10. Let l(r) = -r**2 + 6*r - 3. Calculate l(g).
2
Let p(w) = -6*w**2 - 3*w + 2. Let t be 7/2*-12*(-9)/189. Determine p(t).
-28
Let p be 2/8 - (-15)/4. Suppose -c + 0*c + 2 = 0. Let l(d) = d**3 + 4*d**2 + 5*d - 2*d**3 - p + 0*d**c. Give l(5).
-4
Let b be 3 + -1 + 2 + -1. Suppose b*i + 24 = -5*q - 1, 0 = -4*q - 8. Let h(k) = k + 4 - 5 + 4. Calculate h(i).
-2
Let t(a) = a - 11. Let x = 1 - -8. Let s be t(x). Let v(p) = -p**2 - 2*p - 2. Calculate v(s).
-2
Let i(y) = -y**2 + 4*y. Suppose -d - 3 = -1. Let b be 9/(-2) - (-1)/d. Let j(m) = m**2 + 4*m - 2. Let a be j(b). Calculate i(a).
3
Let p be (3 - 1)*1 - 7. Let k(t) = 28*t + 24. Let f(v) = -13*v - 11. Let g(w) = -13*f(w) - 6*k(w). Calculate g(p).
-6
Let i(f) = f**3 - 4*f**2 - f + 3. Suppose 3*g + 1 = 4*g. Let o be 1/(g/4)*1. Give i(o).
-1
Let t(r) = -r**3 + 4*r**2 + 3*r + 5. Suppose 0 = -8*o + 6*o + 42. Suppose -5*j - 3*m - 2 = -3*j, -j + o = -4*m. Determine t(j).
-5
Let b(t) be the first derivative of t**4/4 + t**3/3 - 2*t + 4. Let l(o) = -o + 2 - 8 - 1. Let i be l(-7). What is b(i)?
-2
Suppose -15 = -p - j, -7*p + 2*p - j + 63 = 0. Let f = p + -13. Let b(n) be the third derivative of -2*n**5/15 + n**4/24 + n**3/6 - n**2. Calculate b(f).
-8
Let d(m) be the first derivative of 1/2*m**2 + 2*m - 2. What is d(-3)?
-1
Let x(z) be the first derivative of 4 + 0*z - 2*z**3 + 1/4*z**4 + 2*z**2. Determine x(5).
-5
Let z(q) = 3*q - 3. Let f be z(2). Let h be (-2)/f*18/3. Let l(s) be the third derivative of s**4/12 + s**3/2 - 6*s**2. Give l(h).
-5
Suppose 3*q = q + 8. Let c(f) = f**3 - 5*f**2 + 2*f + 4. Determine c(q).
-4
Let w(v) = -v**3 + 2*v**2 + 3*v + 3. Let s be w(3). Let f(j) = 8*j + 1. Let i(t) = -7*t - 1. Let x(g) = 4*f(g) + 5*i(g). Calculate x(s).
-10
Let p(o) = -4*o**2 + 6*o + 5. Let g(b) = -8*b**2 - 5*b - 4 + 0 + 11*b**2. Let w(z) = 6*g(z) + 5*p(z). Let q(s) = -s + 1. Let y be q(-1). What is w(y)?
-7
Suppose 0 = 3*p + 15, 5*p + 13 = -4*h - 0*h. Let s(k) = 2*k - 4. Give s(h).
2
Suppose 5*j = -0*t + 5*t + 10, -2*t - j + 2 = 0. Suppose 5*w - 34 + 9 = t. Let q(h) = -2*h + 3 - 3 + 2. Calculate q(w).
-8
Let s = 29 - 27. Let n(o) = o**3 - 4*o**2 + 2*o. Give n(s).
-4
Let k be (0 - -1)*(0 + -1). Suppose -2*v + 4 - 6 = 0. Let s = k - v. Let r(x) = x**2 - x - 2. Determine r(s).
-2
Let w(k) = -k**3 + 2*k**2 - 2*k + 3. Let c = 21 + -19. Give w(c).
-1
Let o be 3/(-1 + 0)*1. Let s(w) = -w - 7. Let l(r) = -2*r - 14. Let n(g) = o*l(g) + 5*s(g). Let u(v) = -v**3 - 6*v**2 - 6*v - 5. Let i be u(-5). Give n(i).
7
Let d(r) = -7*r. Suppose -12*h + 16 = 4. Calculate d(h).
-7
Suppose -10 = -5*m - 0*m. Let l(p) = -p**2 - 4*p + m*p**2 - 1 + 2 + 2*p. Give l(4).
9
Suppose 12 - 32 = 4*n. Let r(j) = -1. Let k(o) = -2*o - 12. Let q(g) = -k(g) + 5*r(g). Calculate q(n).
-3
Let g = 5 - 3. Let b(r) = 3*r + 3 - g + 1. What is b(-3)?
-7
Suppose 0 = l + 3*a + 16, -l + 3*a - a - 6 = 0. Let x = l + 8. Let p(y) = -y**3 - 2*y**2 - 3*y - 2. Determine p(x).
4
Let n(t) = -t**3 + 3*t**2 - 2*t - 2. Suppose -17 = c + 2*v - 6*v, -v = -4*c + 7. Let g be 2/4 + (-2)/(-4). Let p be c/(-3) + 4*g. Determine n(p).
-8
Let u(a) = -4*a + 4. Suppose 3*l - 6 = 36. Let i be 1 - 7/(l/(-4)). Determine u(i).
-8
Let k(p) be the third derivative of p**5/20 + p**3/3 - p**2. Let i = -23 - -12. Let s(d) = 8*d**2 + d + 6. Let j(n) = i*k(n) + 4*s(n). Determine j(4).
2
Let q(r) be the first derivative of -r**3 + r + 8. Calculate q(-2).
-11
Let c(f) = 10 + f + 5*f - 5*f. Calculate c(0).
10
Let p(n) = -2*n**2 + 3*n + 1. Let r be (5/(-3))/(2/(-6)). Suppose 3 = -r*d + 18. Suppose -s = -v - 2 + d, 5*v - 23 = -4*s. What is p(v)?
-8
Let o be (-1 - 0)*(2 + -7 + 11). Let a(b) = b**3 + 7*b**2 + 6*b - 4. Give a(o).
-4
Let t(q) = -4*q**3 - q**2 - q + 1. Let y(r) = r**3 - r**2 + r. Suppose 4*l + 2*p + 2 - 16 = 0, -2*p = -5*l - 5. Let z(m) = l*t(m) + 5*y(m). What is z(5)?
-4
Suppose